*2 + 0 + 2/3*i**3 - 12*i. Calculate k(2).
10
Let v(t) = 2*t**2 - 2*t - 3. Let g be v(-2). Suppose -a + 3*o + g = -o, -o = 3*a + 25. Let h(j) = 262*j - 288*j - j**2 + 19*j - 6. Calculate h(a).
-6
Let i(z) = -z + 2. Let g(b) = b + 9. Let k be (-5 - 6) + 1 + 1. Let t be g(k). Let j = t + 4. What is i(j)?
-2
Let t(h) be the first derivative of -h**2/2 + 8*h + 264. What is t(-6)?
14
Let c(p) = -p**2 + 9*p - 12. Let g(i) = 2*i**2 + 9*i + 15. Let l be g(-2). Give c(l).
8
Let i be 3 - ((-8)/(-4) - 2). Let t(h) = h**3 + h**2 + 3. Let o be t(0). Let r(l) = -2 - 2*l + 1 + o. Give r(i).
-4
Let j = -18 + 16. Let a be ((-4)/12)/(j/6). Suppose -23 - a = 4*o. Let f(n) = n**2 + 5*n + 4. Determine f(o).
10
Let l be 3/2*5/((-75)/(-10)). Suppose 5*a - 6 = -l. Let v(b) be the second derivative of b**3/2 - b**2/2 - 3*b. Calculate v(a).
2
Let i(g) = g**2 - 11*g + 5. Let a(t) = t. Let z(d) = 6*a(d) + i(d). Let v = -103 - -108. Calculate z(v).
5
Let r(g) be the first derivative of 2*g**3/3 + g**2 + g + 547. What is r(3)?
25
Let t(a) = -6*a - 6. Let v(j) = 4*j - 1. Let u(r) = -t(r) - 2*v(r). Suppose 7 = 2*m - 2*y - 9, 0 = y - 2. Let z be 56/m + 2/5. Determine u(z).
-4
Let r(g) = -g**3 + 12*g**2 - g + 13. Let j be r(12). Let a(i) = i + 12 + 1 - 5 - j. Calculate a(-9).
-2
Let m(i) = i**3 + 5*i**2 - 7*i - 9. Let a(k) = k**3 - k - 1. Let p be a(2). Let h(w) = 0 - 4*w + 3 - p*w. Let f be h(1). Give m(f).
-3
Let g = -1275 + 1266. Let t(v) = v**3 + 10*v**2 + 7*v - 6. Calculate t(g).
12
Let z(p) = -2*p**2 - 3*p - 1. Let t(g) = -g**3 - 7*g**2 + 9*g + 6. Let h = 9 + -4. Suppose -2*i + 7*i = h*r - 15, r - 11 = 2*i. Let q be t(i). Calculate z(q).
-3
Let y(o) = -21 - 21 + o + 36 - 7*o**2 + o**3. Give y(7).
1
Let u(h) be the first derivative of 7*h**3/3 - 2*h - 81. Determine u(2).
26
Let m(s) be the third derivative of 9*s**6/40 + s**5/60 + s**4/24 + s**3/6 + s**2 - 54*s. Determine m(-1).
-26
Let a = -252 + 256. Let j(y) = y + 6. What is j(a)?
10
Let m(v) = -v**3 + v**2 - v - 1. Let z(a) = a**3 - 3*a**2 + 3*a + 7. Let c(s) = -2*m(s) - z(s). Let x be c(2). Let w(b) = b + 1. Give w(x).
6
Let l be (-208)/20 - -10 - 7/(-5). Let b(r) = -8*r**3 + r**2 + 2*r - 2. What is b(l)?
-7
Let z = 458 - 461. Let g(b) = -7*b - 5. Determine g(z).
16
Let y(r) = -7*r**3 + 8*r**2 - 3*r + 5. Let o(b) = 4*b**3 - 4*b**2 + 2*b - 2. Let f(h) = 5*o(h) + 3*y(h). What is f(5)?
-15
Let n(o) = -o - 13. Let p be (-1 - 13)*(4 - 3). Determine n(p).
1
Let a(k) = 2*k**2 - 4*k - 3. Let b be ((-80)/8)/(2*-1). Suppose -3*p + 2*x - 14 = -4*p, -b*x = 2*p - 33. Give a(p).
13
Let p = 78 + -83. Let q be 1 + 2 + -1 - -2. Let x(a) = -a**2 - q*a + 0 - 1 - 5. Give x(p).
-11
Suppose 28*x = 271 - 75. Let b(k) = -k + 1. What is b(x)?
-6
Let v(c) = -c**3 + 12*c**2 - 12*c + 8. Let n be v(10). Suppose 11*h + 0*h = -n. Let q(d) = d**2 + 7*d - 6. Give q(h).
2
Let i(p) = -4*p + 34. Let x be 124 - 113 - 3*-1. What is i(x)?
-22
Let p(j) = -5*j - 1 - 10*j + 4*j. Let y = 12 - 7. Suppose 0 = y*x - a, 2*x = -2*a + 8 + 4. Determine p(x).
-12
Let t = -9 - -12. Suppose -3*v - 24 = -7*v + t*s, 0 = -5*v - 5*s - 5. Let a(n) = 60*n + 35. Let h(f) = -5*f - 3. Let r(q) = v*a(q) + 35*h(q). Determine r(1).
5
Let l(k) = -k. Let v(x) = 18*x - 1. Let m(g) = 2*l(g) + v(g). Calculate m(1).
15
Let d(y) = -y**3 + 75*y**2 + 6*y - 151*y**2 + 73*y**2 - 4. Determine d(-5).
16
Let k(c) = -13*c - 1. Let u(x) = -x**3 + 20*x**2 + 3. Let i be u(20). Let v be k(i). Let p = 37 + v. Let t(a) = -a**3 - 5*a**2 - a + 4. Calculate t(p).
-11
Let y(c) = -c**3 + 15*c**2 - 15*c + 17. Let a be y(14). Let p(g) = -g**3 - 2*g**2 - 1. Give p(a).
-46
Let q(t) = -t**2 - t. Let f be q(1). Let i(u) = -2*u**2 + 6 + 2 - 9 - u**3. What is i(f)?
-1
Suppose -9*b = -10*b + 71. Let a = b - 66. Let c(m) = -2 - m + 2. Determine c(a).
-5
Suppose -4*z - 2*w = -46, -2*z + z - 2*w + 16 = 0. Suppose 4*j - 4 = 3*j, -3*h = -4*j + z. Let g(l) = 8*l - 1. Calculate g(h).
15
Let k(j) = j**2 + 3*j. Let f be (-4)/(-10) + (-72)/(-45). Suppose -2*w + 10 = -3*l, -2*w - 18 = -f*l + 6*l. Give k(l).
4
Let w = -697 + 684. Let y(f) = -f - 19. Give y(w).
-6
Let n(k) = 16 + 0*k - 14 + 4*k. Suppose y - 4*y - 3 = 0. Let v be n(y). Let j(l) = -4*l - 2. What is j(v)?
6
Suppose 47 = 11*o + 3. Let t be 5 + o + 45/(-5). Let a(x) = x**2 - 2. What is a(t)?
-2
Let z(y) = -4*y + 2. Let u(r) = 26*r - 27*r + 1 - 2. Let j(o) = -5*u(o) + z(o). Calculate j(-5).
2
Let w(k) = k**3 + 6*k**2 + 5*k + 5. Let n = -948 + 943. Calculate w(n).
5
Let s(l) = 12*l**2 - 2*l - 2. Let h(k) = -2*k**2 + 3*k - 1. Let v be h(0). Calculate s(v).
12
Let m(k) be the first derivative of -k**2/2 + 10*k + 46. What is m(6)?
4
Let c(v) = 0*v**2 + 2*v**2 - 3*v**2 + 3*v**2 - 9*v + 12 - 9*v. Determine c(8).
-4
Suppose 4*r - r - 12 = 0. Let y(m) = m - 7. Let z be (-2)/(-4 - -2) - -8. Let v(u) = -2*u + 14. Let j(d) = z*y(d) + 4*v(d). What is j(r)?
-3
Let s(k) = -2*k**2 + 4*k - 8. Let q(j) = 2*j**2 - 4*j - 24. Let n be q(5). Determine s(n).
-56
Let f(q) = -q + 2. Let v(d) = -7*d - 2. Let p(c) = 6*f(c) - v(c). What is p(0)?
14
Suppose 2 = 4*b - 6. Let p(g) = 14*g - 4. Let c be p(b). Let l(q) = -41 + 18 + q + c. What is l(6)?
7
Let m(c) = 8*c + 1. Let u(x) = 25*x + 8. Let v(y) = -3*m(y) + u(y). Give v(-2).
3
Let n be 22/6 + 1/((-9)/6). Let y(a) = a**2 - 4. What is y(n)?
5
Let u(g) be the first derivative of -g**3/3 + 10*g - 261. Calculate u(-5).
-15
Let k(u) be the second derivative of u**5/60 + 7*u**4/24 + 5*u**3/6 - u**2/2 + 8*u. Let g(y) be the first derivative of k(y). Calculate g(-6).
-1
Let w(c) = c**2 - 9*c + 4. Let u be (-275)/(-25) + (1 + 0)*-3. Calculate w(u).
-4
Let c(s) be the second derivative of -s**6/120 - s**5/6 - 11*s**4/24 - 13*s**3/6 - 23*s**2/2 - 2*s. Let b(v) be the first derivative of c(v). What is b(-9)?
5
Let y(l) = 3*l**3 + 2*l**2 - l. Let u be y(1). Suppose -23 = u*h + 73. Let x be (0 - 1)*h/(-8). Let m(q) = -q**3 - q**2 + 3*q - 1. Calculate m(x).
8
Let d(o) = -13*o - 1. Let l be (35 + -31)/((-8)/(2/(-1))). What is d(l)?
-14
Let u(k) = -3*k + 3. Let j be (2 + -4)*-1 + 1. Let x be u(j). Let f(o) = -5*o + 3 - 4 + 2*o**3 + 5*o**2 + 4*o**3 - 3 - 5*o**3. What is f(x)?
-10
Let b be -1*(12/(-4) + 0). Let m(i) = 7 + i**2 + 9*i + b - 8 + 4. Let p be (16/12)/(4/(-18)). What is m(p)?
-12
Let i(g) = -2*g + 2. Let x be i(4). Suppose 5*b - 6*b = -2*c + 5, 0 = c - 3*b. Let l(u) = -13*u**2 + 12*u**2 - 5*u + 11 - c. What is l(x)?
2
Let h(o) = -6*o**2 - o**3 - 5*o + 8*o - 2*o**3 + 7 + 2*o**3. Let p be (-1 - -2)*(3 - (-9 - -18)). Determine h(p).
-11
Let n(l) = 5 + 0*l**2 + 14*l + 5 + 5*l**2 + l**3 + 7 + 10*l**2. Calculate n(-14).
17
Let f = -23 + 23. Let r(l) = -4*l - 4*l + f + l**2 - 8. Calculate r(9).
1
Let v = 934 + -927. Let j(u) = -u**3 + 7*u**2 - 2*u - 3. What is j(v)?
-17
Let u(f) = -f**2 + 10*f - 3. Suppose 0 = 2*m - v - 12, -4*v - 27 = 3*m - 8*m. Give u(m).
18
Let v(j) = 21 - 1 - 34*j**2 + 33*j**2 - 2 + 6*j. What is v(9)?
-9
Let l(q) = q - 11. Let h be l(10). Let t(i) = 9*i**2 - 7*i + 3. Let o = 14 - 9. Let f(c) = -4*c**2 + 4*c - 2. Let y(v) = o*f(v) + 3*t(v). Calculate y(h).
7
Let y(r) = -r + 3. Let m(u) = u**3 + 19*u**2 - 20*u + 12. Let q be m(-20). Suppose -8 = b + h - 0, 2*b + h = -q. Calculate y(b).
7
Let c(o) be the first derivative of -3*o - 3*o - 5*o**2 - 17 + o + 6*o**2. Let i be (-4)/18 - (-190)/45. Give c(i).
3
Let z(v) = v**3 - 5*v**2 - 4*v - 7. Let o be 18*(1*-3 - (-72)/54). Let w = o - -36. Give z(w).
5
Let a(c) = -c**3 - 7*c**2 - 4*c + 6. Let n be a(-6). Let j(d) = -1. Let w(m) = -m + 13. Let x(s) = n*j(s) - w(s). Suppose 152 = 4*i + 128. Calculate x(i).
-1
Let t(x) = x**3 - 7*x**2 + 6*x + 1. Let h(p) = -p**3 + 4*p**2 - 3*p - 2. Let m = -18 - -22. Let j be h(m). Let s be 24/j*35/(-10). Calculate t(s).
1
Let o(v) = 6*v**2 + 27*v - 6. Let n(t) = 5*t**2 + 23*t - 6. Let y(g) = 7*n(g) - 6*o(g). Let k be 2/(-8) + (-4)/(-16). Give y(k).
-6
Let k = -55 - -34. Let d = k - -26. Let q(z) = -z + 3. Determine q(d).
-2
Suppose f + 7*t - 4*t + 11 = 0, -5*f - 15 = -5*t. Suppose x = 2 + 2. Let n(j) = 3*j - x*j - 6 - 2*j. What is n(f)?
9
Let l(n) = -12*n + 1. Let r = -13 - -23. Let m = r - 10. Suppose -2*a = 2*b - 2, 2*a = -m*a - 5*b + 8. Calculate l(a).
13
Let h = 7 - 11. Let w(t) be the second derivative of t**3/6 + 5*t**2/2 - 154*t. Give w(h).
1
Let c(z